at is y(-29)?
-951
Let o(s) = 759*s - 196582. What is o(259)?
-1
Let n(m) = 76129*m - 29. What is n(0)?
-29
Let m(b) = -b**3 + 65*b**2 + 429*b - 146. Give m(71).
67
Let p(v) = 4*v**3 - 57*v**2 + 278*v - 205. Give p(8).
419
Let k(g) = 133*g**3 + 2*g**2 - 101*g - 202. Calculate k(-2).
-1056
Let h(p) = 53843*p - 3069001. Give h(57).
50
Let b(q) = -3*q**3 + 137*q**2 - 530*q - 4102. Determine b(9).
38
Let t(o) = 301*o**2 - 4*o - 605. Give t(0).
-605
Let q(z) = 8*z**2 + 16419*z + 1054553. Give q(-1986).
-13
Let k(m) = m**3 + 78*m**2 - 1459*m - 5886. Calculate k(-93).
66
Let h(o) = 4*o**3 + 71*o**2 + 26*o + 204. Calculate h(-18).
-588
Let o(x) = 15694*x + 204033. Calculate o(-13).
11
Let v(b) = -2*b**3 - 171*b**2 - 1683*b + 36. What is v(-10)?
1766
Let i(s) = -s**3 + 11615*s**2 + 69722*s - 16. Give i(-6).
8
Let q(i) = -25815*i - 23982134. What is q(-929)?
1
Let n(f) = -743*f + 94353. Determine n(127).
-8
Let u(n) = -5*n**2 + 405*n - 7805. Give u(44).
335
Let a(g) = -1026*g + 11330. What is a(11)?
44
Let r(w) = w**3 + 36*w**2 + 554*w + 24174. Give r(-38).
234
Let n(y) = -270*y + 1079. Give n(3).
269
Let n(q) = -15*q**2 + 4779*q + 9554. What is n(-2)?
-64
Let k(t) = -3*t**2 + 104*t - 659. Give k(27).
-38
Let s(y) = 324*y + 9512. What is s(-33)?
-1180
Let j(d) = -769*d - 16155. Give j(-21).
-6
Let s(a) = 64729*a + 258885. What is s(-4)?
-31
Let h(i) = -i**2 - 4233*i - 21143. Determine h(-5).
-3
Let s(p) = 1379*p + 159977. Calculate s(-116).
13
Let v(u) = u**3 - 24*u**2 - 2878*u + 157. Calculate v(67).
358
Let w(r) = -5*r**2 - 22*r + 928. What is w(13)?
-203
Let k(b) = b**3 - 15*b**2 + 82*b - 349. Calculate k(15).
881
Let v(n) = 3*n**2 - 729*n + 9929. Calculate v(15).
-331
Let l(c) = -c**2 + 315108*c + 945337. What is l(-3)?
4
Let d(g) = 3*g**2 - 1256*g + 23872. Calculate d(19).
1091
Let y(r) = -r**3 - 1548*r**2 - 598503*r - 2395. Calculate y(-798).
-1
Let i(p) = 10*p**3 - 1401*p**2 + 130*p + 1367. Calculate i(140).
-33
Let a(n) = -4*n**2 - 217*n - 2477. Calculate a(-38).
-7
Let b(x) = 3*x**3 + 9*x**2 - 533*x + 164. Give b(13).
1347
Let b(l) = 30*l**2 + 459*l - 1394. Calculate b(3).
253
Let m(w) = 2*w**3 + 108*w**2 - 1684*w - 90939. Give m(-54).
-3
Let z(i) = 345*i + 12427. Calculate z(-36).
7
Let k(v) = -v**3 + 507*v**2 - 983*v - 13707. What is k(505)?
-72
Let b(x) = 50*x**2 + 5687*x - 1516. Determine b(-114).
-34
Let m(w) = -6*w**2 - 4142*w + 89428. What is m(21)?
-200
Let m(c) = -2*c**2 + 1288*c - 125772. Determine m(120).
-12
Let w(p) = -735*p - 16655. Calculate w(-23).
250
Let j(c) = -3*c**2 - 293*c - 1883. Give j(-6).
-233
Let z(t) = -t**2 - 314821*t - 2833326. Determine z(-9).
-18
Let b(s) = 55*s**2 + 1277*s - 5088. What is b(4)?
900
Let c(j) = j**3 + 468*j**2 + 5779*j - 1764. Calculate c(-13).
4
Let n(q) = 275*q - 17671. Give n(64).
-71
Let l(a) = a**2 - 566*a + 35514. Calculate l(72).
-54
Let x(l) = -65546*l - 917654. What is x(-14)?
-10
Let m(d) = 26*d**3 + 100*d**2 - 2736*d - 10870. Give m(-4).
10
Let h(z) = z**2 + 153*z + 5693. Determine h(-79).
-153
Let i(r) = -2*r**2 + 332*r - 2820. Calculate i(9).
6
Let h(z) = -30*z**2 - 38*z - 330. Calculate h(0).
-330
Let v(g) = 14*g**3 + 4386*g**2 + 4387*g + 1. What is v(-1)?
-14
Let y(s) = -9*s**3 + 503*s**2 - 428*s - 585. Give y(55).
75
Let i(r) = r**3 - 21*r**2 - 2596*r + 52275. Determine i(20).
-45
Let r(l) = 7810*l**2 - 398304*l - 303. Give r(51).
3
Let u(a) = a**3 + 502*a**2 + 3494*a + 208. Determine u(-7).
5
Let d(g) = -2*g**2 + 290*g + 3808. Determine d(-12).
40
Let g(o) = 441*o + 7602. Give g(-19).
-777
Let l(k) = -4*k**3 + 31*k**2 - 88*k + 729. Determine l(8).
-39
Let y(b) = -2*b**3 + 5*b**2 + 683*b - 4055. Determine y(6).
-209
Let j(s) = 61*s**2 - 3106*s + 127. What is j(51)?
382
Let u(z) = z**2 - 1709*z + 84534. Determine u(51).
-24
Let u(h) = h**2 + 821*h - 29061. Give u(34).
9
Let c(s) = -11*s**3 - 32*s**2 + 163*s + 473. Determine c(-3).
-7
Let i(m) = -m**3 - 71*m**2 - 617*m - 7104. Calculate i(-63).
15
Let s(f) = -4460*f + 31175. Determine s(7).
-45
Let h(a) = -18774*a + 1370439. Determine h(73).
-63
Let i(d) = 3*d**3 - 22*d**2 - 67*d - 51. Calculate i(-3).
-129
Let i(r) = 2*r**3 + 17*r**2 - 87*r - 525. What is i(-7)?
231
Let a(w) = -w**3 - 156*w**2 - 5559*w - 159. Give a(-101).
245
Let g(v) = 16*v**2 - 1116*v - 355. Determine g(69).
-1183
Let b(r) = 2*r**2 - 168*r + 1023. What is b(76)?
-193
Let j(k) = 6*k**3 + 82*k**2 - 106*k + 142. Calculate j(-14).
1234
Let h(u) = 22882*u + 23471. Give h(-1).
589
Let j(x) = 3*x**3 + 8*x**2 - 64*x + 15. Calculate j(-11).
-2306
Let b(p) = -154*p**2 - 138*p - 9. Give b(-1).
-25
Let o(r) = -r**3 - 52*r**2 + 24601*r + 500. Determine o(133).
-32
Let m(f) = 11107*f + 14294716. Determine m(-1287).
7
Let j(d) = -201*d + 3400. Give j(23).
-1223
Let v(a) = 378*a + 45050. What is v(-119)?
68
Let t(o) = -727*o + 47982. Give t(66).
0
Let g(a) = -721*a + 11813. Give g(16).
277
Let k(z) = 2264*z + 40849. Determine k(-18).
97
Let w(n) = n**2 - 382*n - 15142. Calculate w(-37).
361
Let c(f) = -f**3 - 50*f**2 + 13*f - 4828. Calculate c(-52).
-96
Let b(q) = -331*q - 21608. Give b(-65).
-93
Let b(u) = -218962*u + 2408582. What is b(11)?
0
Let q(k) = -25*k**2 - 3730*k + 14921. What is q(4)?
-399
Let v(n) = 8*n**2 + 436*n - 637. What is v(-56)?
35
Let k(i) = -i**3 + i**2 + 848*i + 42. Give k(0).
42
Let n(u) = 17*u**2 + 1626*u + 1054. Determine n(-95).
9
Let t(z) = 373*z + 14485. Calculate t(-40).
-435
Let d(f) = -2*f**2 + 1385325*f + 5541336. Determine d(-4).
4
Let o(n) = -21*n**2 - 721*n + 227. Calculate o(-35).
-263
Let y(i) = 143*i - 717. Calculate y(10).
713
Let i(u) = 8711*u - 34819. What is i(4)?
25
Let a(j) = -7*j**3 + 32*j**2 - 8*j - 34. Calculate a(5).
-149
Let c(b) = -35*b**2 + 2078*b - 764. Give c(59).
3
Let w(m) = -747*m + 209899. What is w(281)?
-8
Let q(f) = 6*f**2 + 109*f + 593. What is q(-19)?
688
Let d(y) = 723*y**2 - 2222*y + 156. Give d(3).
-3
Let b(v) = v**3 + 111*v**2 - 5123*v + 374. Calculate b(35).
-81
Let w(u) = -u**2 + 527*u + 70752. Calculate w(-110).
682
Let i(w) = 478*w + 43502. Determine i(-90).
482
Let s(x) = 8*x**2 - 161*x - 1827. What is s(-8)?
-27
Let k(f) = -4*f**2 - 11307*f + 56669. Determine k(5).
34
Let v(n) = -9*n**3 + 272*n**2 - 53*n + 555. Give v(30).
765
Let o(r) = -58*r**2 + 1794*r + 55015. What is o(-19)?
-9
Let o(s) = -s**3 + 6*s**2 + 212*s - 1650. Calculate o(11).
77
Let s(h) = -209*h + 20745. Determine s(100).
-155
Let j(k) = 3*k**2 - 198*k + 3203. What is j(24)?
179
Let b(t) = -120*t**2 - 803*t + 49. What is b(-5)?
1064
Let u(a) = -a**2 + 34323*a - 6009872. What is u(176)?
0
Let i(u) = -u**2 - 63*u + 113. Give i(-49).
799
Let w(k) = 36219*k - 289921. Determine w(8).
-169
Let y(h) = -h**3 - 62*h**2 + 125*h + 7. Determine y(-64).
199
Let y(w) = 180*w + 6643. What is y(-38)?
-197
Let x(u) = -7*u**2 - 2449*u - 14626. What is x(-6)?
-184
Let t(l) = -124*l + 34871. Determine t(283).
-221
Let r(d) = -6*d**2 - 61*d - 124. Calculate r(-13).
-345
Let d(v) = 41*v - 9250. Determine d(221).
-189
Let b(w) = -w**3 + 1218*w**2 + 16003*w - 115. Determine b(-13).
-115
Let b(u) = 256*u**2 + 2*u + 248. Give b(0).
248
Let i(r) = -49654*r**2 - 1638575*r - 1. Calculate i(-33).
-232
Let n(u) = 5321*u + 42591. What is n(-8)?
23
Let y(l) = 2*l**2 - 457*l + 21444. Give y(55).
2359
Let h(w) = 23*w**3 - 230*w**2 + 225*w - 2270. Calculate h(10).
-20
Let f(l) = l**3 + 296*l**2 - 86*l + 63309. Calculate f(-297).
642
Let p(h) = 462153*h - 3697248. Determine p(8).
-24
Let o(j) = -9*j**2 + 281*j + 6099. Determine o(46).
-19
Let j(c) = 971*c - 41754. Determine j(43).
-1
Let x(m) = -5*m**3 + m**2 - 2393*m - 14427. Calculate x(-6).
1047
Let n(g) = -3005*g - 156534. Determine n(-52).
-274
Let p(m) = -13*m**2 - 46*m + 42. Give p(-5).
-53
Let w(i) = 1442*i - 5510. Give w(4).
258
Let s(c) = 61257*c + 2205272. Calculate s(-36).
20
Let r(a) = 703*a - 46444. Calculate r(66).
-46
Let t(u) = 1072246*u - 2144481. What is t(2)?
11
Let y(i) = 169839*i + 509035. Determine y(-3).
-482
Let k(i) = i**3 + 102*i**2 + 1020*i + 115686. Calculate k(-103).
17
Let w(p) = 2*p**3 - 431*p**2 + 2478*p - 35293. Calculate w(210).
-13
Let r(a) = 3*a**2 + 2040*a + 14255. What is r(-7)?
122
Let v(r) = r**2 - 5701*r - 1525040. Determine v(-256).
-48
Let h(m) = -2*m**3 + 25*m**2 + 476*m - 152. 